 = 2*f**3 - 22*f**2 - 99*f - 114. What are the prime factors of t(22)?
2, 2089
Let q(l) = -115*l - 6. Let n be q(-16). Let v be ((-1)/(-2))/(9177/n - 5). Suppose 138 = k + 2*z, 5*z = k - v + 28. List the prime factors of k.
2
Let o = 834 - -389. Suppose o = 4*u - 4365. List the prime factors of u.
11, 127
Let x = -82751 + 128132. What are the prime factors of x?
3, 7, 2161
Let s = -2115 - -2227. Let w be 3*-2*(-33)/(-6). Let o = s + w. List the prime factors of o.
79
Let w be ((-14)/28)/(2/(-892)). Let q = -62 - 80. Let b = q + w. What are the prime factors of b?
3
Let m(j) = 13*j**3 - 4*j**2 - 3*j. Suppose -13*b + 32 = 6. What are the prime factors of m(b)?
2, 41
Let j = -267 - -271. Suppose -1284 = -5*i - 3*o, 0*i + 267 = i + j*o. List the prime factors of i.
3, 5, 17
Suppose -10*i = -57003 - 45457. What are the prime factors of i?
2, 47, 109
Let d(q) = 3*q**2 - 174*q**3 - 2 - 5*q**2 + 9 - 5 - 277*q**3 + 2*q. What are the prime factors of d(-1)?
449
Let n(r) = 33*r**2 - 3*r - 4. Let b be n(-4). Suppose 4*x + 24 = 2*f + 14, -2*x + 20 = 4*f. Suppose f*w - 869 = b. List the prime factors of w.
281
Let w(m) = -2*m**3 + 15*m**2 - 3*m - 4. Let t be w(7). Let x be (-4 + t/5)*-5. List the prime factors of ((-12)/x - 4)/(2/(-242)).
11
Let c(k) = k**2 - 15*k + 35. Let v = 48 - 33. Let j be c(v). Suppose -z + 34 = -j. What are the prime factors of z?
3, 23
Suppose -3*n = 2*w + 39, -5*w - 1 = 2*n + 14. Let i = 61 + n. Suppose -36 = -l + i. List the prime factors of l.
2, 41
Let l(w) = 14*w**2 + 16*w + 243. What are the prime factors of l(-14)?
3, 307
Let v(y) = -y**3 - 11*y**2 - 12*y - 8. Let d be v(-10). Let o = 711 - d. List the prime factors of o.
3, 233
Suppose 6*p - 24499 = 5*k, 22*p + 2*k = 20*p + 8148. List the prime factors of p.
4079
Suppose -17*r - 2*v + 2252 = -16*r, 3*v - 4504 = -2*r. List the prime factors of r.
2, 563
Let r(h) = -427 + 199 + 208 + 22*h. List the prime factors of r(11).
2, 3, 37
Suppose 51*a + 17381 = 38*a. Let r = -920 - a. What are the prime factors of r?
3, 139
Suppose 0 = 541*u - 539*u - 10. Let x(v) = 19*v**2 + 9*v - 70. What are the prime factors of x(u)?
2, 3, 5
What are the prime factors of 450430/22 + (191/4202)/((-2)/4)?
2, 29, 353
What are the prime factors of (25 + (-95)/3)/((-20)/27624)?
2, 1151
Suppose -259370 = -196*f + 251*f - 2038455. What are the prime factors of f?
7, 4621
Suppose 0 = -10*t + 16 + 134. Suppose 0 = 11*l - 818 + t. What are the prime factors of l?
73
Let m be (133/14)/19 - 151/(-2). Suppose -m = -r + 43. List the prime factors of r.
7, 17
List the prime factors of ((-984)/1230)/((-2)/165475).
2, 5, 6619
Let v be (0 - 0)/((-1 + -1)*-1). Let k be -3*(v - (40/12)/5). Suppose 3*r + 117 = k*t, 4*t + t - 5*r - 290 = 0. List the prime factors of t.
3, 19
Suppose -11412 + 2227 = -3*a - 5*l, -5*l = -3*a + 9175. Suppose a = -1263*d + 1266*d. List the prime factors of d.
2, 3, 5, 17
Suppose -3*v - 3561 = -4*o + 221, 6619 = 7*o - 5*v. List the prime factors of o.
947
Let t = -123 + 267. Suppose g - 52 = t. List the prime factors of 8/(g/48 - 4).
2, 3
Suppose l + 2*q = 24825, 104*l - 3*q = 101*l + 74502. What are the prime factors of l?
3, 31, 89
Suppose 0 = 4*z + 5*a + 40, 5*a - 1 = -3*z - 36. What are the prime factors of (10 - (84 + z))*19/(-3)?
19, 23
Let d = -413 - -552. Let a = 347 - d. What are the prime factors of a?
2, 13
Let q be (-170)/(-4) + (-9)/18. Let v be 222/q - 4/14. Suppose -4*c = v*a - 0*c - 220, -3*a + 2*c + 110 = 0. List the prime factors of a.
2, 5
Let z(u) = -1265*u + 676. List the prime factors of z(-12).
2, 991
Let c(j) = 629*j**2 + 6*j - 41. What are the prime factors of c(-5)?
2, 3, 2609
What are the prime factors of -4 - (-1518 + -1 - -10)?
5, 7, 43
Let r = 24112 - 13768. List the prime factors of r.
2, 3, 431
Suppose -64*q - 430005 = -1391349. What are the prime factors of q?
3, 1669
Let p(z) = z**3 - 18*z**2 + 11*z + 690. List the prime factors of p(26).
2, 3, 7, 19
Let u(t) = -16 + 11 + 11*t**2 - 9*t**2 - 15*t. List the prime factors of u(13).
2, 3, 23
What are the prime factors of -1*(-58925 - (6/6 + -5))?
58921
Let z(w) be the third derivative of -w**4/12 - 2*w**3/3 + 89*w**2. What are the prime factors of z(-20)?
2, 3
Let a be 3/(-18) - (-3)/(90/(-175)). Let f(o) = -o**3 - o**2 - 6*o + 3. List the prime factors of f(a).
3, 73
Let w be (-4*(-17)/6)/(2*(-3)/(-9)). Let m(f) be the second derivative of -f**5/20 + 19*f**4/12 - 25*f**3/6 - 5*f**2/2 - f. List the prime factors of m(w).
2, 37
List the prime factors of 9835/(-10)*(-1352)/91.
2, 13, 281
Let m = 16061 + -7084. What are the prime factors of m?
47, 191
Let f(n) = 1507*n**3 + 2*n**2 + 8*n - 53. What are the prime factors of f(3)?
2, 11, 43
Suppose -15*r + 12*r = -15. Suppose 0 = -3*p + 6, r*f + p - 2096 = 1451. What are the prime factors of f?
709
Let q be -4 - 4*3/(-2) - -2228. Suppose k + 2*k = 0, -5*g - 2*k = -q. What are the prime factors of g?
2, 223
Let m(a) = 2*a - 11. Let p be m(-2). Let b be ((-34)/p*6)/(2/300). Suppose b = -n + 13*n. What are the prime factors of n?
2, 5, 17
Suppose -4*g - 9769 = -j, 0 = -j + 9*g - 8*g + 9769. List the prime factors of j.
9769
Let a(m) = -m**3 + 29*m**2 - 3*m + 51. Let c be a(22). Suppose 6*o = -c + 11401. What are the prime factors of o?
2, 3, 223
Suppose 95 = 3*k - 43. Let d be (-4 + k/10)*-5. List the prime factors of -3 + (d + (-2 - -6) - -9).
7
Let o be (144/6)/8 - 1. List the prime factors of o/5 + 21549/30*2.
3, 479
Let j = -21422 - -21903. What are the prime factors of j?
13, 37
Suppose 56 = 6*a - 4. Suppose 0 = a*g + 880 - 3240. What are the prime factors of g?
2, 59
Suppose -22*a = -17*a - 5*r - 66365, 2*a = 3*r + 26544. List the prime factors of a.
3, 5, 59
Suppose -5*v = d - 8646 + 1478, 4*v = -3*d + 21504. What are the prime factors of d?
2, 7
Let c = 725 + -719. Suppose -2*m + c + 2 = 0, 3*m + 1608 = 3*j. List the prime factors of j.
2, 3, 5
Let f(u) = u**3 + u**2 - 8*u - 4. Let a be f(-3). What are the prime factors of 132 - (4 + 2/a)?
127
Let u(z) = -z**3 + 6*z**2 + 8*z - 2. Suppose 5*w = 4*d + 47, -2*w + 5*d + 17 + 12 = 0. Let l be u(w). Suppose l + 7 = 2*r. List the prime factors of r.
2, 3
Suppose -478*w = -468*w + 10. Let z = 8 + -4. What are the prime factors of (28/16 + z)/(w/(-28))?
7, 23
Let l be -1*3*(-3)/12*-16. Let u be l + ((-2)/(-3))/((-6)/9). List the prime factors of (-5)/(195/(-267)) + (-2)/u.
7
Let z(r) = 704*r + 1071. What are the prime factors of z(28)?
7, 2969
Let f(q) = 934 + 454*q**2 - 2*q - 3*q - 453*q**2. List the prime factors of f(0).
2, 467
Let d = 4267 - -1133. Suppose 46*a - 54*a + d = 0. List the prime factors of a.
3, 5
Let j = -1024 - -1016. Let t(d) be the third derivative of -d**5/60 - 17*d**4/24 - 8*d**3/3 + 3*d**2. List the prime factors of t(j).
2, 7
Suppose 10*j - 96 = 8*j. Suppose 23 = -5*r + j. Suppose -2*f = r*t - 11, -2*f = -4*f - 4. What are the prime factors of t?
3
Suppose -5*x + o + 54 = 159, o - 84 = 4*x. List the prime factors of (-11080)/(-7) + x/(-147).
1583
Let g(w) = -w**3 - 6*w**2 + 4*w + 6. Let m be g(-7). Suppose b + m - 279 = -5*y, -b - 2*y = -252. Suppose -6*t - b = -8*t. What are the prime factors of t?
2, 3, 7
List the prime factors of (-1300780)/(-50) - (2/(-15))/((-15)/(-45)).
2, 3, 271
Let w = -153 - -172. Suppose w*k - 1 = 18*k. What are the prime factors of (15/((-3)/k))/((-2)/2)?
5
Suppose -84*q + 83*q + 35110 = 5*h, 70165 = 2*q - h. List the prime factors of q.
3, 5, 2339
Let k be ((-180)/105)/((-2)/(-469)). Let m = k + 713. What are the prime factors of m?
311
Suppose -2317 = -3*y - r, -4*y = 10*r - 9*r - 3088. Let i = y - 296. What are the prime factors of i?
5, 19
Let g = -722 + 1516. Suppose 2*j + g - 3114 = 0. List the prime factors of j.
2, 5, 29
Suppose 4*v + 131 + 65 = 0. List the prime factors of (1512/v)/((-10)/175).
2, 3, 5
Let g(z) = -22*z**3 + 11*z**2 + 2*z + 1. Let s be g(-5). Suppose 0 = 13*h - s - 2990. List the prime factors of h.
2, 3, 7, 11
Let m(d) = 427*d**3 - 29*d**2 - 2*d - 1. List the prime factors of m(3).
11261
Suppose -2000 = -17*k + 25*k. Suppose 0 = -3*r + 5*o - 454, -r + 5*r + 582 = -5*o. Let h = r - k. List the prime factors of h.
2, 3, 17
Suppose 2*u + h = 24, u + 7 = -h + 18. Suppose 619 = u*y - 2241. List the prime factors of y.
2, 5, 11
Let o(h) = -7*h*